
Let l(i) = -i - 5. Let y(a) = 3*a + 26. Let q(h) = 6*l(h) + y(h). Give q(-3).
5
Let k(q) be the third derivative of -q**6/120 - q**4/24 + q**3/3 + 126*q**2. What is k(-2)?
12
Let w be 6/(-30) - 48/60. Let s be (1 + 0)*-2 - -1. Let p(z) = z**3 - z + 1. Let i(h) = 2*h**3 - h**2 - 4*h + 6. Let f(u) = s*i(u) + 5*p(u). Calculate f(w).
-2
Let b(a) = -2*a**2 + a + 7. Let g(w) = -w**3 + 24*w**2 - 79*w - 23. Let y be g(20). Give b(y).
-14
Let m(k) = -3*k**2 - 2*k. Suppose -8*q + 4*q = 0. Let c(y) = y - 2. Let w be c(q). Calculate m(w).
-8
Let f be -2 + -1 - (-15)/3*2. Suppose 2*s - 22 = f*z - 12*z, 3*z - 17 = -5*s. Let t(u) = -4 + 0*u + 2*u - u. What is t(z)?
0
Let k = 50 - 101. Let y = 45 + k. Let f(q) = -q. What is f(y)?
6
Let o(z) = z**2 - 7*z + 11. Let h = -43 + 49. Calculate o(h).
5
Let u(d) = -143*d + 286*d - 144*d + 1. Give u(-3).
4
Let t(x) = x**2 - 13*x + 14. Let v be t(12). Suppose 25 = v*p + 3*p. Let s(j) = j + 5. Determine s(p).
10
Suppose 4 = -t - 2. Let x be ((-9)/(-6))/(t/(-20)). Let i(q) = x*q - q**3 + q**2 + q**2 - 2 + q - 2*q. Give i(3).
1
Let m(a) = -1 - 5832*a + 5834*a + 1 + 5*a**2. Let r(l) = -l**3 + 2 + 6*l - 7*l**2 + 1 + 3*l**2. Let t be r(-5). Calculate m(t).
16
Let b(w) = -w**2 + 8*w + 9. Let q be b(9). Let f(x) = -39*x + q + 40*x - 2. Let k = 0 - 3. Calculate f(k).
-5
Let p(h) be the second derivative of h**3/6 - h**2 + 17*h - 2. What is p(5)?
3
Let y(u) = 3*u - 9. Let a(b) = 5*b - 14. Let g be -6 + -1 + 2*1. Let t(n) = g*a(n) + 8*y(n). Suppose -3*x = 4*c + 19, 3*x - 8 = -2*c + 5*x. Calculate t(c).
-1
Let v be 8/(-36) + 3 + 129/(-27). Let x(k) = 10*k - 6. Determine x(v).
-26
Let j(o) = 1181*o**2 - 1186*o**2 - 11 + 10 + o. Determine j(1).
-5
Let c(j) be the second derivative of -1/3*j**3 + 0 - 11*j + 5*j**2. Determine c(7).
-4
Let m(s) = -s**3 - s - 16. Let b be -6 + (-39)/(-6)*-2. Suppose -f - 3*f = -5*i - 51, -f + 39 = 4*i. Let t = f + b. What is m(t)?
-16
Let f(q) be the first derivative of -q**4/2 + 4*q**3/3 - q**2/2 - 2*q - 2. Let x be 8/10 - 2/(-10). Suppose 5*b = -4*z - 12, z + b + 3 = x. Calculate f(z).
-4
Let b = -5154 - -5153. Let n = 4 - 2. Let s(d) = 1 - d**n - 1. Give s(b).
-1
Suppose 41 = -21*n - 20*n. Let p(r) = 9*r + 9. Determine p(n).
0
Suppose -8*x + 9 = -5*x. Let p(b) = 0*b**3 - b**3 + 2*b**x - 4*b - 25 + 19 + 4*b**2. What is p(-5)?
-11
Let l(g) be the third derivative of g**7/1260 + 2*g**5/15 + 16*g**2. Let u(d) be the third derivative of l(d). Give u(1).
4
Let n(x) = 5*x - 3*x + 25 - x - 36. Determine n(8).
-3
Let m(p) be the first derivative of -p**3/3 + 5*p**2/2 + 3*p + 137. Suppose -3*y = i - 74, 3*i + 57 = 4*y - 46. Suppose -v = 4*v - y. Give m(v).
3
Suppose 13*p = 25*p + 24. Let u(o) = 3*o**2 - o + 1. Calculate u(p).
15
Let m = 3 + 2. Let n(x) = 37*x + 2. Let r(i) = -21*i - 2. Let o(k) = -4*n(k) - 7*r(k). Give o(m).
1
Suppose -2*k - 69 - 67 = 0. Let l = 68 + k. Let o(v) = 5 + v**2 + v - 13 - 2*v**2. Give o(l).
-8
Suppose 5*g + 23 = q, -1 = 5*q + 2*g + 2*g. Suppose 0*l - 7*l = -14. Let b(m) = -q - m + l + 2*m + 0. What is b(-6)?
-7
Suppose 6*g - 6 - 24 = 0. Let i(s) = -6*s + 11. Let t(d) = -d + 1. Suppose -9 = 3*c - 3*o, -c + 2*o + 0 = 1. Let n(p) = c*t(p) + i(p). What is n(g)?
1
Suppose -1 = c + 3. Let v(j) = -5*j**2 - j - 2. Let p(m) = 7*m**2 + 2. Let a(k) = 2*p(k) + 3*v(k). Give a(c).
-6
Let q(a) be the first derivative of -a**3/3 - 7*a**2/2 + 2*a + 31. What is q(-8)?
-6
Let k(v) = v**2 - 13*v. Let o = 201 - 188. Give k(o).
0
Let s(m) = -2*m - 2. Suppose 25*z - 90 = 40*z. What is s(z)?
10
Let x(v) = v + 3. Let k(d) = -d + 4. Suppose 5*n + 3*w - 40 = -0*n, 2*w - 12 = -2*n. Let b be k(n). Let o be x(b). Let y(z) = -5*z - 5. Calculate y(o).
15
Let o be (6/4)/((-3)/(-8)). Let y(p) = p**2 + 1 + 5 - 5*p - 10 + 9. Calculate y(o).
1
Let z = -25 - -33. Let k(l) = l**3 - 6*l**2 - 14*l - 6. Let t be k(z). Suppose -4*u + 14 = -t. Let i(m) = -m**2 + 4*m + 8. What is i(u)?
-4
Let m(q) be the third derivative of -q**5/20 + q**4/24 - q**3/6 + 67*q**2. Calculate m(2).
-11
Let r(w) be the second derivative of -w**4/8 - w**3/3 - 9*w**2/2 + 6*w. Let c(b) be the first derivative of r(b). Calculate c(-2).
4
Let n be (-17)/(51/(-30))*3/(-6). Let w(k) be the first derivative of k**4/4 + 2*k**3 + 2*k**2 - 7*k - 1. What is w(n)?
-2
Let y(a) be the second derivative of -a**5/20 + a**4/3 + a**3/3 - 3*a**2 - a. Let v = 6 + -1. Suppose 3 + v = 2*c. Calculate y(c).
2
Let c(n) = -2*n**3 - 3*n - 3. Let p(a) = -5*a**3 + a**2 - 9*a - 10. Let u = -28 - -31. Let w(f) = u*p(f) - 8*c(f). What is w(-4)?
-10
Let z(r) = 3*r**2 + 16*r - 2. Suppose -5*f - 6*d = -5*d + 29, -f - 5*d - 25 = 0. Give z(f).
-7
Suppose -4*o - 5*i = 2 + 21, -5*i - 17 = o. Let f be (0 + (-2)/o)*3. Let s = -3 - f. Let k(n) = -n - 4. Calculate k(s).
2
Let x(z) = -z**3 + z**2 - 3. Suppose -5*y - 20 = 0, -3*y = -3*q + 1 + 5. Let k be q - (4 + -10 + 4). Calculate x(k).
-3
Let o(s) = -s + 1. Suppose -5*k - 4 = 21, 3*f = -k - 32. Give o(f).
10
Let u(o) = o**2 + o - 1. Let v(r) = 4*r**2 + 12*r - 12. Let b be (-1 - 3 - -5)*(0 - 1). Let g(n) = b*v(n) + 5*u(n). Give g(7).
7
Let h(a) = -a**2 - 6*a - 5. Suppose -b + 0*b + 2 = 0. Suppose -5*z = 25, -4*z + 7 = b*v - 5. Let l(w) = w**2 - 17*w + 11. Let k be l(v). What is h(k)?
0
Let w(r) = -5*r - 29*r + 30*r + 32. Determine w(8).
0
Suppose 2*w = -4*u + 6*u + 10, 5*u + w = -1. Let a(t) be the first derivative of -11*t**2/2 - t - 2. Determine a(u).
10
Let a(v) = 6 + 4*v - 8*v + 5*v. Calculate a(3).
9
Let v(f) = 5*f - 4*f - 2*f + 6 + 3*f. Let b = 452 + -456. What is v(b)?
-2
Let x(d) = d**2 - 4*d + 2. Suppose 10 = 4*m - 2*c, 3 = -4*m + 4*c + 19. Let y be -5*((-3 - -1) + m). Calculate x(y).
7
Let o(r) = -19*r + 5. Let s(g) = -41 + 42 - 3*g - 2*g. Let x(b) = -6*o(b) + 22*s(b). What is x(6)?
16
Let m(w) be the first derivative of w**3 + w**2 + 27. What is m(4)?
56
Let t(k) = 4*k + 172*k**3 + k**2 + 0 - 1 - 173*k**3 - 4*k. Determine t(-1).
1
Let z(h) = -15788*h - 7 + 15788*h + h**2. Determine z(-5).
18
Let b(h) = -h**2 - 4*h + 6. Let i(q) = q**2 - 4*q - 9. Let y be i(7). Let v = 157 - 150. Suppose -v = 2*r - l, 0 = -5*r + 5*l - y + 2. Calculate b(r).
1
Suppose 0*x - 3*x - 35 = -5*n, -x = -4*n + 21. Let j(f) = -n*f + 5 + 4*f + 1 + f. Calculate j(-6).
0
Let c(r) = 5*r + 6. Let d be ((-5 - 1)/(-2) - 4)*7. Determine c(d).
-29
Let v be (-1 - -16)/((-36)/(-24)*-1). Let w(r) = -r - 21. Calculate w(v).
-11
Let f(j) be the third derivative of j**6/120 - 29*j**5/60 + 9*j**4/8 + 31*j**3/6 + 776*j**2. Give f(28).
3
Let x(h) = -h**3 + 3*h**2 + 6*h - 11. Let l be x(3). Let y(t) = t**3 - 8*t**2 + 9*t - 7. What is y(l)?
7
Let t be -3*(-1 + 0) + -8. Let n(k) = -3*k**2 - 15*k - 9. Let p(w) = -4*w**2 - 22*w - 14. Let o(h) = t*p(h) + 7*n(h). Suppose 2 = 3*g - 13. Give o(g).
7
Suppose 5*c + 23 = 18. Let z(k) = -2*k**2 + k. Give z(c).
-3
Let i(r) = -r**3 - 10*r**2 - 7*r + 14. Suppose 40*k - 42*k - 18 = 0. Determine i(k).
-4
Suppose -m + 70 = 9*m. Let v(n) = n**3 - 5*n**2 - 15*n + 11. What is v(m)?
4
Let y(t) = -t**2 - 8*t - 10. Let b be (3/(3/7))/(-8 + 7). Let j be (-8 - b)/(1 + 7/(-8)). Give y(j).
-10
Let z be 5/3 - (-3)/9. Suppose -5*w + 5 = 0, -z*n + 74 = 2*n + 2*w. Let p be 15/2*n/(-27). Let q(s) = s**3 + 4*s**2 - 4*s + 1. Calculate q(p).
-4
Let t(j) be the second derivative of 0 - 23*j - 1/6*j**3 + 3*j**2. What is t(6)?
0
Let n(d) = -d**2 - 2*d - 1. Let w be 44/24 + 2/12. Let a(r) = -1 + w*r**2 - 19*r + 0 + 3 + 24*r. Let q(u) = -3*a(u) - 5*n(u). Calculate q(-4).
3
Let m(i) = 4*i**2 + 11*i - 1. Let k(n) = 11*n**2 + 32*n - 2. Let c(p) = 3*k(p) - 8*m(p). Let u(w) = 2*w + 19. Let d be u(-13). Give c(d).
-5
Let g(v) = -2*v**2 + 15*v + 15. Let z(r) = -3*r**2 + 16*r + 16. Let a(u) = 4*g(u) - 3*z(u). Let p be a(-10). Let t(s) = s + 4. Determine t(p).
-4
Let o(g) = -g. Let v(y) = 1. Let a(j) = -3*o(j) - 4*v(j). Suppose 24 + 18 = 2*p. Suppose 0*h + p = 5*t - h, 2*h - 13 = -t. Determine a(t).
11
Let l(u) be the first derivative of -3*u**2/2 + 17*u + 462. What is l(-8)?
41
Let r(h) = h**3 + 11*h**2 + 17*h - 6. Let j = -267 - -258. Calculate r(j).
3
Let n(o) = 2*o**3 + 2*o**2 - 1. Let h be (-10)/(-35) + (-66)/(-14). Suppose -h*b + 12 = -b. Suppose -4 = b*z - 7. Determine n(z).
3
Let j be -4*(2 + 3/(-4)). Let y(d) be the third derivative of -1/24*d**4 + 0*d + 0*d**3